 + l. Let f(u) = 2*u**2 - 10*u + 1. Let k(y) = -f(y) - 3*p(y). What is the tens digit of k(-9)?
1
Let t be 13/2 - 3/2. Suppose x + s - 6*s = 20, 4*x - t*s - 65 = 0. Let n = x - 7. What is the units digit of n?
8
Suppose -4*k + 2*i + 2 = -0*k, 0 = k - i - 3. Let s be (k/4)/((-2)/(-16)). Let z(l) = l**3 + 5*l**2 + 3*l + 4. What is the units digit of z(s)?
8
Suppose -4*u + 6 = -138. What is the units digit of u?
6
Suppose -9*w = -w - 776. What is the tens digit of w?
9
Let a = 59 - 26. What is the units digit of a?
3
Let s(c) = c**2 + 6*c + 1. Let v be s(-6). Suppose 0 = -8*r + 22 + 50. Suppose -4*z + r = v. What is the units digit of z?
2
Let x(w) = w - 5. Let u be x(7). Suppose 0 = -2*d - d + u*f + 73, 2*f - 77 = -3*d. What is the units digit of d?
5
Let b(t) = -8*t - 5. Let c(v) = -8*v**3 + 2*v**2 - 2*v + 1. Let h be c(1). What is the units digit of b(h)?
1
Let r be 2/1*(-6)/(-4). What is the tens digit of (26/(-2))/(r/(-6))?
2
Let a = 3 + -2. What is the units digit of a/(5/2 + -2)?
2
Let s(d) be the first derivative of d**3/3 + d**2/2 - 4*d - 2. What is the units digit of s(-3)?
2
Suppose y = -4*p + 101 + 6, -4*y - 48 = -p. Let b be 704/14 + -1 - (-32)/(-112). Let c = b - p. What is the units digit of c?
1
Suppose -3 = 5*k - 13. Suppose 4*s = -k*v + v - 14, 4*s = -16. What is the tens digit of 1/2*v - -15?
1
Let g(d) = 13*d - 5. Let q be g(-4). Let w = -33 - q. What is the units digit of w?
4
Let j(f) = 106*f - 21. What is the units digit of j(3)?
7
What is the tens digit of ((-4)/12)/((-2)/474)?
7
Suppose u - 8 = 15. Suppose -3*h = -37 - u. What is the tens digit of h?
2
Let d(v) = -v**3 - 15*v**2 - 12*v + 15. Let q be d(-14). Suppose -r = -2*p - 48, 5*p + 5*r + 96 = p. Let j = q - p. What is the units digit of j?
1
Let w be ((-3)/1)/(-3) - -1. Suppose w*f = 5*f - 87. Suppose -y = 2*n - 16, -2*n + 3*y - 5 = -f. What is the units digit of n?
9
Let x = 15 + 0. Let k = -4 + x. What is the units digit of k?
1
Let a(m) be the third derivative of m**4/24 - m**3 - 2*m**2. Let j be a(7). What is the units digit of j/1*(-3)/(-3)?
1
What is the tens digit of 28 + -2 + 3 + -4?
2
Suppose -2*x + 0*x - 3*b = -49, 2*x = 3*b + 19. What is the units digit of x?
7
Suppose 0 = -x + 3 + 3. What is the units digit of ((-15)/10)/(x/(-40))?
0
Let u(o) = -o**3 + 9*o**2 + 10*o + 6. Let y be u(10). Let n = -3 + y. What is the units digit of n?
3
Let c be (-1)/(((-4)/3)/4). Suppose 4*d + 17 = c*j, j - 3*d + 6*d = 23. What is the tens digit of j?
1
Let m be (6/5)/((-1)/(-5)). What is the tens digit of (520/(-39))/((-2)/m)?
4
Let y be (-11)/(-4) - 4/(-16). Suppose 0 = -o + 5*v + 4, y*o = -v + 7 + 5. What is the units digit of o?
4
Suppose 4*y - 478 - 50 = 0. What is the hundreds digit of y?
1
Let u(r) = 4*r**3 + 3*r**2 + r - 3. What is the units digit of u(2)?
3
Let b(x) = -x**3 - 6*x**2 - 2*x - 9. Let w = 2 - 8. Let r be b(w). Suppose -r*v - 5 = -8*v. What is the units digit of v?
1
Let y = 66 - 58. What is the units digit of y?
8
Suppose 5*f - t + 13 = 0, 4 - 10 = 4*f - 3*t. Let n be ((-7)/f)/(1/(-3)). What is the units digit of 2/n - 48/(-21)?
2
Suppose -2*v - 1 + 129 = 0. What is the units digit of v?
4
Let c = 176 - 37. What is the tens digit of c?
3
Let g(m) = 2*m**2 + 7*m + 5. Let c(b) = -2*b**2 + 3. Let q be c(-3). Let j = q + 11. What is the units digit of g(j)?
9
Let z(g) = g**3 - 7*g**2 + 8*g - 9. Let u be z(6). Suppose -u*o = -29 + 8. What is the units digit of o?
7
What is the units digit of (-4 - -4) + 6 + 1?
7
Let d = 338 + -143. What is the hundreds digit of d?
1
Let r(n) = 3*n**2 + 64*n + 12. What is the tens digit of r(-25)?
8
Suppose -93 = -3*u + 42. Suppose 2*h - 4*p = -9*p - 18, -3*p = -5*h - u. Let a = 16 + h. What is the units digit of a?
7
Suppose y + 4*o - 270 = -y, -4*y - 2*o = -552. What is the hundreds digit of y?
1
Let x = -4 - 2. Let o(y) = y**2 - 4*y**2 - y**3 + 6*y - 2*y**2 + 5. What is the units digit of o(x)?
5
Let o(i) be the second derivative of 25*i**3/6 - i. What is the tens digit of o(1)?
2
Suppose 7 + 5 = -4*n, -3*z + 4*n + 120 = 0. Suppose -5*q + 2*q = -z. What is the units digit of 40/q + 1/(-3)?
3
Suppose 0 = 5*x + 21 - 51. What is the units digit of -8 + x + -1 + 8?
5
Let d = 725 + -449. What is the hundreds digit of d?
2
Let g = 113 - 60. Let l = g + -35. What is the units digit of l?
8
Let s(w) = 11 + w**2 - w**2 + w**3. What is the tens digit of s(0)?
1
Let d be -3 - (-2 - 5 - 0). Suppose -148 + 48 = -d*i. What is the tens digit of i?
2
Let o(d) be the first derivative of 2*d**3/3 + 2*d**2 + 3*d + 4. What is the units digit of o(-4)?
9
Suppose -2*y - 9 + 11 = 0. What is the units digit of y?
1
What is the units digit of (-13)/((-4)/(-12)*-3)?
3
Let r = 8 + -6. Let w be (2/(-4))/(r/(-20)). Suppose 5*d - 5 = 3*l + w, -4*l = 4*d - 40. What is the units digit of d?
5
Suppose -g = -2 - 1. What is the tens digit of 100/6 - 2/g?
1
Let w be (2 - -2)*(1 - 14). Let r = w + 87. Suppose -r - 49 = -4*h. What is the units digit of h?
1
What is the tens digit of 12/78 - (-1051)/13?
8
Let j(t) = -t**3 + 3*t**2 - 4*t + 3. Let p be j(2). Let b = p + 7. What is the units digit of b?
6
Let o be 30/8 - (-21)/(-28). Suppose 0 = -c - 5, 0*c = -3*h - o*c + 48. What is the units digit of h?
1
Let y(x) = 2*x - 5. Let q be y(-8). Let u = q + 40. Suppose -8 - u = -3*c. What is the units digit of c?
9
Suppose -3*j + 113 = 29. Suppose -p = -3 - 0. Suppose 3*u - 2*u - 4 = -2*l, p*l - 4*u - j = 0. What is the units digit of l?
4
Suppose c + 40 = 2*c. Let g = -9 + c. What is the tens digit of g?
3
Let m be 13/(-2 - (-21)/12). Let l be (-6)/21 + m/14. What is the units digit of l/10 + 81/15?
5
Let m(b) = -b**2 - 7*b - 2. Let h(j) = 6*j + 1. Let o be h(-1). What is the units digit of m(o)?
8
Let p be 48/(-10)*(-60)/8. Let w(t) = 6*t**3 + t**2 - 2. Let x be w(2). Let a = x - p. What is the tens digit of a?
1
Let z = 25 - 7. What is the tens digit of z?
1
Let o = -4 + 9. Suppose -2*j - w = w, 4 = -j - o*w. What is the tens digit of 1/(j - (-22)/(-24))?
1
Suppose u - 4*u = -48. What is the tens digit of u?
1
Let z(x) = x - 11. Let t be z(8). Let v(s) = -10*s + 2. Let p be v(t). Suppose 4*l + 4 - p = 0. What is the units digit of l?
7
Let j(w) = -7*w - 4. Let z be j(-6). Let p = z - 21. What is the tens digit of p?
1
Let i be ((-8)/(-3))/((-2)/(-3)). Suppose i = -x - 0*x, -3*u - 3*x + 108 = 0. Suppose -u = -y - 4*y. What is the units digit of y?
8
Let z be -1 - (-9)/(6/2). Let v be 24/16 + 5/z. Suppose 7 - 3 = v*u. What is the units digit of u?
1
Let g = -6 - -9. Suppose 2*l - 46 = 4*w, -4*l = -g*l - 4*w - 29. What is the units digit of l?
7
Let d(x) = -x**3 - x**2 - 1. Let l be d(-2). Let a = -1 + l. Suppose 4*v - 3*v = a*h - 2, h = v. What is the units digit of v?
2
Let k be -4*5*(-2)/2. Let m be 1832/k - 2/(-5). Suppose 5*o = -4*r - 0*r + 60, -4*r + 3*o + m = 0. What is the units digit of r?
0
Let h = 100 - 57. What is the units digit of h?
3
What is the units digit of (2/(-14))/(4/(-28))?
1
Let t = 23 + -21. Suppose 90 = t*b + c + 2*c, -2*c = 0. What is the units digit of b?
5
Suppose -9 = -3*z + 2*z. Let b(a) = a - 8. What is the units digit of b(z)?
1
Suppose 0 = -7*l + 2*l - 30. Let f(g) = g**2 + 7*g + 9. Let a be f(l). Suppose -a = -3*n + 18. What is the units digit of n?
7
Suppose -7*b = -0*b - 931. What is the hundreds digit of b?
1
Let g = 66 - 31. What is the tens digit of g?
3
Let z(c) = 3*c**2 - 19*c + 13. What is the tens digit of z(8)?
5
Suppose -2*s = 4*l - 22, -3*s - 2*l = -8 - 13. Suppose 0 = n + 4 - 3, s*n = 4*m - 85. What is the tens digit of m?
2
Let v(g) = g - 2 - g + g**2 - 3*g + 0. Let h(k) = -2*k**2 + 6*k + 5. Let f(d) = 3*h(d) + 7*v(d). What is the tens digit of f(5)?
1
What is the hundreds digit of (3 - 4)*62/(-2)*10?
3
Suppose 0 = -2*q - 3 + 9. Let g be -1*10*-1 + 2. Let f = g - q. What is the units digit of f?
9
Let q = 77 - 52. Let l = 13 - q. What is the units digit of (10/8)/((-3)/l)?
5
Suppose -q = -v - v + 5, 0 = q - 3*v + 8. Let f(d) = -9*d**3 - 1. Let m be f(q). What is the tens digit of (-8)/40 + (-142)/m?
1
Suppose 2*j - j = -5. Let h(x) = -x. What is the units digit of h(j)?
5
Let g = -18 - -49. What is the units digit of g?
1
Let s be 6/(-1 + 3 + 0). Let b = s + -2. Suppose 5*g - b = 4. What is the units digit of g?